/(-3)*6/(-4). Suppose -u + 4 = y, -4*y = -2*y + g. What is the greatest common divisor of u and 5?
5
Let l(y) = -17*y + 8. Let v(m) = -84*m + 40. Let a(w) = 11*l(w) - 2*v(w). Let j be a(-3). Calculate the highest common divisor of 26 and j.
13
Let k be 33/2*(-288)/(-54). Suppose -44 = -0*d - 2*d. Calculate the greatest common factor of d and k.
22
Let m be (-3)/(-3) - -3*(4 - 3). What is the highest common divisor of m and 100?
4
Suppose -2 = -q - 3. Let a(c) = 9*c**2 + 4. Let o(r) = -1. Let d(n) = a(n) + 3*o(n). Let l be d(q). Calculate the greatest common divisor of l and 15.
5
Let b(l) = -204*l - 204. Let i be b(-5). What is the greatest common factor of 96 and i?
48
Suppose -2*a - 1 + 13 = 0. Suppose j = -3*o + 18, -4*j + 2*o + 72 = -2*o. Suppose 0 = 5*r - j - 12. Calculate the highest common factor of r and a.
6
Let m = 35 + -22. Suppose -w - m = -12. Let v be 4 - (w + (-20)/2). Calculate the greatest common divisor of v and 10.
5
Let h(x) = 2 + 2 + x + 1 + 4. Let a be h(-8). Calculate the greatest common factor of a and 5.
1
Suppose 4*z + 26*z - 81840 = 0. What is the highest common factor of z and 88?
88
Let x(f) = -f**3 + 5*f**2 - 2*f. Let w be -6*2*(-3)/12. Let c be x(w). Suppose -c = -3*s + 3. What is the highest common divisor of 5 and s?
5
Let s(m) = 86*m**2 - 54*m. Let g be s(2). Calculate the greatest common divisor of g and 1003.
59
Suppose -3*q + 4*n + 1 + 9 = 0, -4*q + n + 22 = 0. What is the highest common divisor of 186 and q?
6
Let k be -10*(3 - 204/20). Let l = 13 - 8. Suppose -1 = -5*n + l*w + 39, 0 = 4*w. What is the greatest common factor of n and k?
8
Let t(w) = w**3 - 5*w**2 + w + 5. Let u be t(6). Let a = u + 8. Calculate the greatest common factor of 22 and a.
11
Suppose -3*o + 3837 = 4*q, -2*q + 1078 + 851 = 5*o. Calculate the greatest common divisor of q and 66.
33
Let t(m) = 5*m**2 + 24*m + 51. Let l be t(-4). What is the highest common factor of l and 63?
7
Let b be 11 + 3/3 - 2. Suppose 6 = -0*h + 2*h. Suppose -152 = -4*q - 2*u, h*q + u = -u + 112. Calculate the greatest common divisor of b and q.
10
Let i be (2/(-8))/(4/16). Let n(h) = 4*h**2 + 2*h + 1. Let r be n(i). Calculate the highest common factor of r and 3.
3
Let v be (-7 + 2 - -4) + -2. Let a(c) = 3*c**2 + 7*c. Let u be a(v). Calculate the highest common divisor of u and 6.
6
Let f(i) = i + 60. Let x be f(-12). Calculate the highest common divisor of 42 and x.
6
Suppose 2*y = 4641 + 21. What is the highest common factor of y and 63?
63
Let h be -18 - (3 - 6/3). Let a = -16 - h. Let n be a/6*(123 - -3). What is the highest common divisor of 42 and n?
21
Let p = 19397 - 19367. Suppose 4*y + 6 - 2 = 0. Let u be ((-4)/y)/(1/15). Calculate the highest common factor of p and u.
30
Let q be 6/(-24) - (-52)/16. Let j be (-1 + (-9)/(-6))*-4. Let r be 1/(-6)*j*6. What is the greatest common divisor of r and q?
1
Suppose -49 - 575 = -4*w. What is the highest common factor of w and 208?
52
Let d be 237/21 - (-4)/(-14). Let s = -49 + 86. Suppose -u - 3*v = -0*u - d, 0 = -4*u - 5*v + s. Calculate the greatest common divisor of u and 8.
8
Let i = 4 - -1. Suppose -2*z + 81 = 5*h, -220 = -5*z + i*h - 0*h. Let f = 6 + z. Calculate the highest common divisor of f and 7.
7
Suppose 5*d + 5*i = 665, -11*d + 8*d - 2*i + 404 = 0. Calculate the greatest common factor of 115 and d.
23
Let f = 183 + 356. Suppose -f = 4*c + 349. Let q be c/(-6) + (3 - 1). What is the greatest common divisor of q and 13?
13
Suppose -5 = -3*n + 58. Let x(l) = l**2 + 3*l - 7. Let w be x(-5). Suppose 5*j - 2 = -m - 4, w*m - 8 = -j. Calculate the highest common divisor of m and n.
3
Let j be (0 + 12)*1/(4/62). Suppose -4*t + 141 = -b, 2*t + 2*b = -3*t + j. Calculate the highest common divisor of 48 and t.
12
Let n = 97 + -40. Suppose n = 2*k - c, 0 = 2*k + k + 3*c - 63. Suppose -x = j, -4*x + 5*j + 10 + k = 0. Calculate the greatest common divisor of 16 and x.
4
Suppose -l = -21 - 8. Suppose -l = -y - p - p, 0 = -y + 2*p + 25. Let r be (-4 - -3)/(1/(-18)). What is the greatest common factor of r and y?
9
Let s = 235 - 223. What is the highest common divisor of 21 and s?
3
Let w = -6 - -13. Let y be 90/21 + 6/(-21). Let u be y*-1 + (-234)/(-6). What is the greatest common factor of u and w?
7
Let j(w) = -35 - 12 + w**2 + 71. Let c be j(6). Calculate the greatest common divisor of 24 and c.
12
Suppose -5*r - 83 = -3*v - 27, -v = -3*r - 12. Let h = 45 - v. Suppose 0 = 5*t - 343 + h. What is the highest common factor of t and 13?
13
Suppose -235 = -32*n - 139. Calculate the greatest common divisor of n and 213.
3
Let m be -27*1 - 4 - 1. Let a = 33 + m. Calculate the highest common factor of 7 and a.
1
Let k(v) = -53*v + 131. Let t be k(-8). Calculate the greatest common divisor of t and 45.
15
Let n(u) = u**3 + 4*u**2 + 4*u + 6. Let q be n(-4). Let i be (-28)/(-70) - 1346/q. What is the highest common factor of i and 15?
15
Suppose -26*d + 3*d + 414 = 0. Calculate the greatest common divisor of 81 and d.
9
Let q be (55/(-25) + 1)/((-2)/(-30)). Let n be 4/q + (-4616)/(-36). What is the greatest common factor of n and 8?
8
Let n = 1129 - 664. Let v be (-2)/3*n/(-10). Calculate the greatest common factor of 155 and v.
31
Suppose 6*i - 12*i = -114. What is the greatest common factor of i and 19?
19
Let v(r) be the first derivative of -r**2/2 - r + 7. Let q be v(-3). Suppose 3*l = q*a - 18, -8 = l - 3*l. Calculate the greatest common factor of a and 15.
15
Let z be 330/18 + (-22)/(-33). Calculate the greatest common factor of z and 551.
19
Let s(n) = -557 + 282 - n + 0*n + 287. Suppose 3*b - 8 = 2*q, 3*b - 2*q = 3*q + 2. Let f be s(b). What is the highest common divisor of f and 40?
8
Suppose 19*f = 2*q + 21*f - 4, -8 = -q + 2*f. What is the highest common factor of 124 and q?
4
Suppose 5*v = -4*g + 397, -2*v + 68 = -v - 3*g. What is the highest common factor of v and 44?
11
Suppose 4 - 137 = -7*q. Let c(y) = 6*y - 2. Let z be c(2). Let i = q - z. What is the greatest common factor of i and 72?
9
Let v(o) = 100*o**2 - 1. Let h be v(1). Suppose -2*f = -4*p + 38, -4*p + 12 + 38 = 2*f. What is the greatest common factor of p and h?
11
Suppose h = 2*h - 46. Let b = -697 + 812. Calculate the greatest common factor of h and b.
23
Suppose 8*g + 191 = 383. What is the greatest common divisor of 60 and g?
12
Suppose 4*d - 4 = 0, 4*a + 2*d = a - 571. Let u(o) = -10*o**2 + 4*o - 9. Let b be u(-5). Let p = a - b. What is the highest common factor of p and 11?
11
Let l(b) = -12*b + 2. Suppose 16 = -3*n + 2*v - 3, 3*n - 6 = -3*v. Let u be l(n). Calculate the highest common factor of 95 and u.
19
Let c = 235 - 195. What is the highest common factor of c and 20?
20
Suppose 18396 = -a + 22*a. Calculate the greatest common factor of a and 12.
12
Let o = -262 + 342. Calculate the greatest common divisor of 32 and o.
16
Let j = -193 + 398. What is the greatest common factor of j and 5?
5
Let i(n) = -n**3 + 25*n**2 - 21*n - 56. Let d be i(24). Let j = -14 + d. Calculate the greatest common factor of 32 and j.
2
Let r(s) = 54*s - 30. Let c be r(5). Suppose -9*z = -3*z - c. What is the greatest common divisor of z and 8?
8
Suppose 18*n - 7053 = 2019. Calculate the greatest common factor of n and 72.
72
Let q be 1*(-3 + 0)*(-27572)/339. Calculate the highest common divisor of q and 4.
4
Let c(w) = -9*w + 15. Let i(r) = 17*r - 31. Let k(h) = -9*c(h) - 4*i(h). Let v be k(5). Let y be 1/1 + -2 - -7. Calculate the greatest common factor of y and v.
6
Suppose f + 5*t = 25, -5*t = 4*f - 108 + 38. Suppose 3*h = 6*h - 315. Calculate the highest common factor of h and f.
15
Let j be ((-30)/(-4))/(51/(-68)). Let f be 10/j - (-88 + 0). Suppose 3*y + 124 = 4*u + 7*y, 0 = -u - 4*y + 37. What is the highest common divisor of u and f?
29
Let t = 88 + 209. Let m = -665 + 698. Calculate the highest common factor of t and m.
33
Suppose -7820 = -5*z + 4*o - 1051, -5*z + 5*o = -6770. Calculate the greatest common factor of z and 33.
33
Let d(q) = -7*q - 21. Let n = 68 + -73. Let g be d(n). What is the greatest common factor of 14 and g?
14
Let h be 3/(6/56 - 0). Suppose 55 = 5*x + 485. Let r = x - -170. Calculate the highest common divisor of r and h.
28
Let s = 86 + -17. Suppose 0 = x - 5*x - m + s, -5*m + 73 = 3*x. What is the greatest common fa